 o = -9 + 2. Let t(a) = 3*a - 9. Let p be t(o). What are the prime factors of (24/15)/((-4)/p)?
2, 3
What are the prime factors of 744/18 - 3/9?
41
What are the prime factors of (-6)/(-27) - (-183)/27?
7
Let f be (1/2)/((-2)/(-120)). Let k = f + 41. Suppose 11 - k = -5*t. List the prime factors of t.
2, 3
Let g(i) = -i**3 - 3*i**2 + 3*i + 6. Let t be g(-4). Let o(q) = -q**2 + 10*q + 3. List the prime factors of o(t).
3
Let l = 1 - 3. Let f be (-2)/l*(-2 - -1). List the prime factors of (1 + 0)/(f/(-6)).
2, 3
Let x(o) = -7*o**3 - o + 1. Let q be x(-2). Suppose -5*t = -3*h - 71, -q + 9 = -4*t - h. List the prime factors of t.
13
Let x = 198 + -116. What are the prime factors of x?
2, 41
Let c be (-224)/(-10) - (-4)/(-10). Suppose f = c - 2. List the prime factors of f.
2, 5
Suppose -4*c = -18 - 34. Let t = c - -4. List the prime factors of t.
17
Suppose -3*k - 2 + 5 = 0, 99 = 4*c - k. What are the prime factors of c?
5
Suppose -4*d + d = 9. Let r = d + 5. List the prime factors of (1 - 1)/3 + r.
2
Suppose 23 = 5*k - l, 0*k + l - 1 = -k. Suppose 5*u = k*i + 55, -2*i = -i. List the prime factors of u + -1 + -3 + 2.
3
Let p(c) = c**3 - 11*c**2 + 11*c + 13. List the prime factors of p(10).
23
Let v(t) be the second derivative of t**4/12 + t**3/2 + t**2 - 4*t. Let c be v(-3). List the prime factors of (c - 5) + 8/1.
5
Let i = 22 + -22. Let z(s) be the second derivative of -s**4/12 + s**3/6 + 3*s**2 - s. What are the prime factors of z(i)?
2, 3
Let n = -23 + 19. Suppose 3*b + b + 24 = 0. List the prime factors of b/n*(-22)/(-3).
11
Suppose 0 = -6*z + z + 10. Let c = 4 - z. What are the prime factors of 3 - (-6)/3 - c?
3
Let a be 665/14 - 2/(-4). Suppose a = 2*f + 2*f. What are the prime factors of f?
2, 3
Suppose -4*r + 158 = -f, -2*r - 2*r - 2*f = -152. What are the prime factors of r?
3, 13
Suppose 5*m + 14 = -a - 11, 5*a + 5*m + 25 = 0. Suppose a = -3*l + l + 12. List the prime factors of l.
2, 3
Let f = -2 - -2. Let g be (1 + (-3)/6)*f. Suppose g = 3*o + o - 16. What are the prime factors of o?
2
Suppose -2*r + 590 = 3*r + w, 2*r - 3*w = 219. List the prime factors of r.
3, 13
Suppose -f - 74 = -2*h, 3*h + f + 29 - 135 = 0. What are the prime factors of h?
2, 3
Suppose n - 3 + 2 = 0. Let x(k) = -9*k + 1 - k**2 + 0 + 3*k**3 + 7*k + 2*k**2. List the prime factors of x(n).
3
Let y be ((-18)/12)/(2/(-20)). Let t = y + 0. List the prime factors of t.
3, 5
Let z = 5 - 3. Suppose -z*u - 3*w + 25 = 6, -w - 5 = -5*u. Suppose u*m + 9 = 3*m. What are the prime factors of m?
3
Let k = 18 - 13. Suppose 0 = 2*m - k*h - 10, -3*m - m - 5*h = -50. List the prime factors of m.
2, 5
Suppose -1 = -0*d - d + c, 12 = -2*d - 5*c. Let s(o) = 14*o**2 - 2*o - 1. What are the prime factors of s(d)?
3, 5
Suppose -p + 62 = 5*t - 11, -3*t + 35 = 5*p. List the prime factors of t.
3, 5
Let m be 30/10 + (0 - -1). Suppose -8*v = -m*v - 16. What are the prime factors of v?
2
Let m be 2/8 + 42/(-8). Let f = -5 - m. Suppose 5*g - 59 + 4 = f. List the prime factors of g.
11
Let n be 28 + (1 - 1)/(-1). Suppose 2*i + 5*b + n = 0, -i + 4*b - 8 + 20 = 0. List the prime factors of 8/2*(-7)/i.
7
Suppose -3*s - 4*g + 6 = -g, 2*s + 5*g = 16. Let h be (7/21)/(s/(-12)). Suppose -h*f + 28 = 2*f. List the prime factors of f.
7
Let k = 302 + -194. What are the prime factors of k?
2, 3
Suppose -4 + 1 = 3*x, 574 = 3*h - 4*x. What are the prime factors of h?
2, 5, 19
Let n = -91 + 181. List the prime factors of n.
2, 3, 5
Let k be 1148/8 + (-3)/6. Let d = -102 + k. What are the prime factors of d?
41
Suppose -226 - 230 = -2*m. Suppose k = -5*k + m. What are the prime factors of k?
2, 19
Let i be (-10)/(-4) + (-7)/14. Let j(z) = 2*z**2 + 2*z + 0*z**2 + 0*z**2. List the prime factors of j(i).
2, 3
Suppose -2*a + 0*z - 3*z + 30 = 0, 0 = 4*a + 2*z - 60. Let d(l) = -2*l**2 - l. Let h be d(-2). Let t = a + h. What are the prime factors of t?
3
Let f be (-27)/(-6)*6/9. Suppose -f*v = -4*v - 10. Let d = 24 + v. List the prime factors of d.
2, 7
Let u(l) = l - 4. Let z(q) = -2*q + 5. Let g(h) = 5*u(h) + 4*z(h). Let j be g(-3). Let o = 30 - j. List the prime factors of o.
3, 7
Let l(g) = -g**2 + g + 1. Let n(b) = b**3 - 13*b**2 + 6*b - 7. Let r(u) = -3*l(u) + n(u). List the prime factors of r(10).
2, 5
Suppose 0*v = -4*v. Suppose v = 4*x + 5*b - 179, -34 = -x + 4*b - 5. What are the prime factors of x?
41
Let g = -19 - -5. Let j = g + 24. List the prime factors of j.
2, 5
Let p(n) = n**2 + 15*n - 40. What are the prime factors of p(8)?
2, 3
Let j = -7 + 11. Let a be 2 + 3 + -3 + j. Suppose 8 = 2*u - 2*p, -p + a*p = 3*u - 6. What are the prime factors of u?
7
Let y(m) = m - 4. Let j be y(2). What are the prime factors of ((-6)/5)/(j/5)?
3
Let j be -7*2*(-1 + 0). Let s = 4 - 2. Suppose -u = -j - s. What are the prime factors of u?
2
Suppose 4*i + 16 = -m, -4*i = m + 3*m + 4. Suppose -m*j = -j + 5*w - 25, 83 = 5*j - 2*w. What are the prime factors of j?
3, 5
Suppose 0 = 3*r + 2*r - 20. Suppose 0*h + 6 = 3*h. Suppose r*m - h*m = 8. What are the prime factors of m?
2
Let w(h) be the first derivative of h**4/4 - 5*h**3/3 + 5*h**2/2 + 3*h + 2. List the prime factors of w(4).
7
Let s = 10 - 1. Let l = 0 - 4. Let v = s + l. What are the prime factors of v?
5
List the prime factors of (6*2/(-6))/((-4)/186).
3, 31
Suppose -4*s + 30 - 10 = 0. Let i(w) = -4*w + 3 + 3 + 2 - s. What are the prime factors of i(-3)?
3, 5
Suppose -3*g = 5*y - 168, g = 3*g + 8. Let q = y + 10. Suppose -3*x = 2*n + 1 - 23, n = -5*x + q. List the prime factors of x.
2, 5
Suppose 0 = 2*l + 3*l - 10. What are the prime factors of ((-6)/(-4))/(l/4)?
3
Suppose 0 = -5*h - h + 1026. List the prime factors of h.
3, 19
Let q = -13 + 16. List the prime factors of (q/(-9))/(3/(-153)).
17
Let y(k) be the second derivative of -k**4/12 + 7*k**3/6 + k**2/2 - 3*k. What are the prime factors of y(6)?
7
Suppose -3*o + 0 = -6. Let v be 4 + -1 + o/(-2). Suppose -n = -2*r + 3, 2*n + 0*r = v*r. List the prime factors of n.
3
Let t = -23 + 66. List the prime factors of t.
43
Suppose 40 = -3*x + 5*x. What are the prime factors of x?
2, 5
Let h = 16 + -12. Let t = h + 27. What are the prime factors of t?
31
Let y(a) = -114*a - 5. List the prime factors of y(-1).
109
Let j(c) = c - 2. Let y be j(7). Suppose 0 = -y*w + 5*v + 85, w + v - 19 = -0*v. List the prime factors of w.
2, 3
Let t(x) = -x - 2*x + 10*x**2 + 5*x + 1 - 3*x. What are the prime factors of t(2)?
3, 13
Suppose -2*l = 6 - 0. Let m(d) = 4*d**2 + 4*d + 3. Let n be m(l). Let y = n - 18. What are the prime factors of y?
3
Let t(o) = o**2 + 11*o + 9. What are the prime factors of t(-15)?
3, 23
Suppose -67 = -2*f - 3*d, 5*d - 2*d + 61 = 2*f. What are the prime factors of f?
2
Let o be (-58)/(-7) - 2/7. What are the prime factors of 110/o + (-1)/(-4)?
2, 7
Suppose 5*x = 9*x - 20. Let a = x + 3. What are the prime factors of a?
2
Let f be ((-6)/(-5))/(2/5). Suppose f*q = -q + 3*k + 81, 0 = -4*q - k + 101. List the prime factors of q.
2, 3
Let x be (-154)/(-10) - (-3)/5. Suppose 48 = x*q - 13*q. List the prime factors of q.
2
Suppose 3*p = -4*a + 20, -a - 3*a = 4*p - 24. Let z = 9 + a. List the prime factors of z.
11
Let j be (4/2)/(-4)*-10. Suppose -5*u + 10 = -j*s, 25 = -2*s - 0*u - 5*u. Let v = -3 - s. List the prime factors of v.
2
Let g(c) = c**3 - 5*c + 2. Let d be g(3). Let p be 4/d + 95/35. Suppose -p*s + 10 = -s. List the prime factors of s.
5
Suppose 1015 = 5*y - 2*x, 4*x = -3*y + 2*x + 625. What are the prime factors of y?
5, 41
Let f(p) = -p**2 - 20*p + 9. Let a be f(-20). List the prime factors of (-4)/(-12) - (-465)/a.
2, 13
Let b be 33/(-4) - (-4)/16. List the prime factors of (6/(-2))/(2/b).
2, 3
Let o(l) = l**3 - 3*l**2 - 6*l + 6. Let s be o(4). List the prime factors of 76/18 - s/(-9).
2
Suppose -544 - 338 = -9*b. List the prime factors of b.
2, 7
Suppose 4*u = -z + 107, 5*u - 99 = -2*z + 37. Let y be (u/8)/(1/4). Let t = -6 + y. List the prime factors of t.
7
Suppose -5*u = -2*f - u, 5*u = 0. Let z be -3*(f + (-10)/3). Suppose 0 = -4*k + 2 + z. List the prime factors of k.
3
Let p = 17 + -20. What are the prime factors of (-4)/(-4) - p*11?
2, 17
Let x = 2 - 2. Let d(n) = -n + 30. List the prime factors of d(x).
2, 3, 5
Let q(m) = m**2 + 2*m + 1. Let a be (-3)/(-6) + 5/(-2). Let u be q(a). Let 